 (-41 + 105 - 43)?
-33
24 + (271 - 275 - (-16 - -1))
35
Evaluate (0 - 9) + 3 + (73 - 81) + 100 + 0.
86
Evaluate -1 + 11 - -6 - (6 + -2 - (-43 - -44)).
13
What is (9 - 55) + -5 + -10 + 16 + 9 + -13?
-49
What is the value of 31 + (15 - (10 - (-11 - -18))) + -6?
37
Evaluate 252 + -194 + (5 - (26 - -3)).
34
Evaluate 5 - (-59 - (64 - 167)).
-39
What is 49 - (55 + -19 + 62)?
-49
What is the value of (25 - 84 - -16) + -39 + 30?
-52
-2 - 12 - (-17 + -45 + -20 + 15)
53
What is 4 + -3 + 0 + (-11 - 0) - (86 + -88)?
-8
3 + (54 - (-18 - -27))
48
Calculate (0 - -18 - -1) + 1 + (-1751 - -1739).
8
Evaluate -28 - (-11 + (-7 - -14) + 1 - -14).
-39
What is -57 + 1 + (-15 + 2 - (-129 - -111))?
-51
(3 - -11 - -16 - (-13 + 27) - 14) + -135
-133
What is (59 - (-28 + 43)) + -56?
-12
What is -11 + 33 + -46 + 36?
12
What is 3 + (-4 + 9 - 1) - (-27 - -8 - 101)?
127
9 + (-99 - -84) + -53
-59
What is the value of 33 + (-68 - -50 - -18)?
33
Evaluate -9 + 1 + (-2 - (5 - 4)).
-11
What is 2 + 8 - (-20 + 55 + -49)?
24
(-3 - -34 - 15) + -12 + 12 + 60
76
Evaluate 34 + -19 + (-12 + -2 - -16) + (4 - -1).
22
What is the value of -5 - 1 - (16 + 10 - (73 - 8))?
33
What is (-4 - 57) + 8 + -2 + 2 + -16?
-69
Evaluate -9 - (2 - (53 + -3 - 1 - 3 - -7)).
42
What is the value of 5 + (-9 - (-8 + 9)) + (101 - 56)?
40
Evaluate -28 - ((7 - 43) + 7) - -102.
103
What is 4 + (24 - 0) - (-176 - -221)?
-17
-2 + -12 - (1463 - 1497) - -111
131
What is 193 + -204 + -2 + 17 + 5?
9
What is -15 - 38 - (27 - (-11 + 6) - 18)?
-67
Calculate 17 + (-13 + (-80 - 14) - -9) + 16.
-65
-51 - (-2 - -1) - (-18 - (24 + -90 + 35))
-63
What is (-41 - (15 + -39)) + (-48 - 9 - -6)?
-68
Evaluate (30 - 18 - (10 + -13)) + 21 - -8.
44
What is 5 - 4 - (10 - (-57 + 36))?
-30
200 + (89 + -242 - -64)
111
Calculate -2 + 10 + 70 + -80 + (2 - 5) - 47.
-52
What is (-20 - (9 + -11) - -3) + -1 + -49?
-65
Calculate -17 - (-14 + 1) - (21 + -21 + 51).
-55
Evaluate -10 + 5 + -45 + 435 + -463.
-78
What is (-39 - (-19 - -16 - (-1 - -8))) + (-1 - 3)?
-33
What is the value of (-381 - -472) + (-3 + -1 - (-11 - (-10 + 3)))?
91
Calculate -75 + (-7 + -1 - (126 + -142)) + -7.
-74
Calculate -101 + 145 - (7 + -23 + 8 + -4 - -4).
52
What is -1 + -5 + 71 + -127 + 59?
-3
What is the value of 1 + -40 + 58 - (0 + 80)?
-61
Calculate (89 - (1 - -126)) + -43.
-81
What is (-3 - (-5 - -2)) + 5 + (9 - -37) + -41?
10
What is the value of (1 - -2) + 55 - (10 + (-8 + -40 - -31))?
65
Evaluate -33 + (28 + -29 - -48).
14
Calculate 3 + 2 + (-135 - -62) + 82.
14
Evaluate (5 - (-13 + -26)) + -42.
2
3 + (43 - 62 - 78) + (-3 + -3 - 2)
-102
Calculate -12513 + 12532 + (2 - 61).
-40
What is the value of -32 + (-12 - (-37 + 75 - 30))?
-52
What is the value of (4 - -40) + (-102 - -65) + 22?
29
What is the value of (71 - (13 + 10 + 6 + -17 + -3)) + 10?
72
Evaluate 6 + 29 - (-15 - (-22 - 13)).
15
What is the value of 0 + (23 - (25 + -27)) + 15?
40
What is the value of -19 + (11 - 3) - (16 + -28) - (-56 - -1)?
56
6 + (11 - (1 - (-7 + 31)))
40
What is the value of 24 + (-4 + 42 - 75) + (59 - 1)?
45
What is (11 - (65 + 62)) + 54?
-62
Evaluate (82 - (159 + -88)) + (-2 - 9).
0
-6 - (-11 + (-13 - (-44 + 26)) + 0 + -17)
17
What is 99 - 212 - -105 - 20?
-28
What is the value of (-42 - 3) + -11 + (7 - -15 - (2 + 8))?
-44
Calculate (9 + (-7 - 14) + 13 - -10) + (-6 - 109).
-104
6 - 4 - -6 - (22 + -13 + 7 - 13)
5
-3 - (5 - (-2 + -38 - -136))
88
(366 - 263) + (-50 - (6 + -14))
61
Evaluate (3 - (28 + -6) - 20) + 5.
-34
What is (131 - 37) + 81 + -267?
-92
Calculate -19 - (-4 - 1 - (19 + 25)).
30
17 + 16 + 22 + (-5 - (-4 - 1))
55
Evaluate 1 - (3 + -5) - -9 - (19528 - 19507).
-9
Evaluate (-63 + 216 - 153) + (2 - -69).
71
What is 1 + -63 + -24 + -7 + 24?
-69
Evaluate (-3 - 26) + (-73 - -96) - (0 - -2).
-8
Evaluate -79 - (45 - -24 - 199).
51
What is 10 - 17 - (-1 + 5 - (24 - -1))?
14
What is 47 - (4 - 22 - -20)?
45
14 + (17 - 1 - -1) - -2
33
What is -196 - -271 - (2 + -6 + -1 + 17 - 0)?
63
22 + (-20 - (-9 - 11 - 4))
26
24 - (73 - 61 - -22)
-10
What is the value of -61 + 58 - (0 + -11 - 1) - (-163 - -71)?
101
Evaluate 9 - (-6 - (20 + -20 - 22)).
-7
Evaluate (1 - 15) + -4 + (72 + -38 - 41).
-25
0 + 0 + -12 - (-119 + 230 - 65)
-58
What is -10 - ((-3 + (-1 - -8) - -3) + -63 - 1)?
47
What is 435 + -526 - (4 + -51)?
-44
What is the value of -2 + 6 + 31 + (-5 - -17) + (-10 - -10)?
47
(-1 - -5) + (-19 - (46 + -74))
13
What is the value of 2 - (-6 + 5 - ((27 - 30) + (3 - 7)))?
-4
-201 + (95 - -17) + 99
10
Calculate 43 - (-4 + 7) - (-96 + 130).
6
Evaluate -13 + (29 - 83 - -17 - (-10 + (0 - -2))).
-42
Calculate (-91 - -11) + 328 + -278.
-30
What is -1285 + 1254 - (-55 - 7)?
31
Calculate -15 - (3 - (3 - -6 - 1)).
-10
-39 - (6 - 134) - (12 - 1)
78
Evaluate 29 + (-58 - -29) + 36.
36
Evaluate (-7 - -16 - -66) + -21 - (0 - -13).
41
(30 - 54) + 46 + -56
-34
Evaluate (-15 + (15 - 17) - -12) + -4 + -2 + -1.
-12
What is (32 + (11 - 23) - -11) + 1 + -2?
30
What is 10 + (-2 - -2) + (-9 - 8) + -21 + -2?
-30
Calculate (-41 - (3 - 3)) + (1453 - 1314).
98
Calculate 1 + 34 + -25 - 4 - (-35 - 1).
42
Evaluate (-9 - -20) + 33 + (-40 - 10).
-6
88 - 77 - (-88 - -67)
32
What is the value of -31 - (-2 + -2) - (6 + 18 - 22)?
-29
Evaluate -32 + (59 - (-26 + 15)) + (-11 - -2).
29
Calculate (3 - 2) + (85 - 52 - 5 - 169).
-140
(-3 - -4 - 3) + 0 + (18 - (-40 + 15))
41
Calculate -55 - (-44 - -19) - -8.
-22
Calculate (2 - (-4 - (-13 + 2)) - -3) + 1.
-1
What is the value of -4 + (1 - 2 - 2) - (-36 + 19)?
10
What is the value of -21 + (59 + 12 - 8) + -3?
39
Calculate (72 - (-809 - -822 - (-2 - (-8 + -2)))) + 9.
76
What is the value of -4 + 1 + 49 - ((0 - -1) + -5 + 11)?
39
What is 28 + (45 - 1 - (2812 + -2775))?
35
Evaluate (-8 - (54 - 66)) + (-40 - 1 - 0).
-37
Calculate (-101 - -87 - (-2 + -2) - -2) + -15.
-23
Evaluate -73 + 0 - (3804 + -3909).
32
Calculate 31 + (-1 - 3) + (-378 - -375).
24
Calculate -69 - 27 - (-3 + -49).
-44
19 - ((-18 - -3 - -18) + -9 - -7)
18
What is the value of (1873 - 1849) + (-24 - 0) - -21?
21
What is the value of 6 + (83 + (1 - 37) - (-2 - 6))?
61
What is the value of -92 - ((-8 - 1 - (44 - 42)) + 11 + 8)?
-100
What is -47 + (-96 - -179) - -56?
92
Evaluate 27 + 0 + 33 + -39.
21
Evaluate (-2 - (-3 - 4 - -1)) + -20 + -17 + -84.
-117
Calculate 38 - (0 + -68 + 1178 + -1149).
77
Calculate -116 - (-38 + -32) - 14.
-60
Calculate (-40 + 11 - -43 - 7 - 22) + 0 + 120.
105
What is the value of 10 + 21 + -33 + 2?
0
50 + -35 - (-4 + -22 + 17)
24
What is 44 + -19 - (-1 - -16)?
10
Calculate -5 - (11 - (-3 + 6 - -23)) - 21.
-11
Evaluate 61 + -198 + 92 + 21.
-24
Calculate 61 - (3 - 18 - -3 - (-22 - -1)).
52
Calculate (-30 - -59) + 41 - 40.
30
Evaluate (-22 + 30 - 20) + 2 + 90 + -14.
66
Calculate (76 - 1) + 1065 + -1103.
37
What is the value of -9 + -26 - -3 - (-17 - -12)?
-27
What is 20 - (2 + (-9 + 20 + -85 - -2))?
90
Calculate -23 - (9 - (-6 - -1 - (-17 + 13)) - 9).
-24
What is the value of (-4086 - -4109) + 0 + -34?
-11
What is the value of 74 - (7 + -17 + 8) - (-8 + 1 - -12)?
71
Calculate -4 + -22 - (47 - 80).
7
Calculate (46 - (111 - 41)) + 112 - -27.
115
What is -12 + (52 - (-8 + 51)) + (1 - 7)?
-9
Calculate (78 - -4) + 0 + 1 + 77 + (-115 - -35).
80
What is the value of -7 - -21 - (-38 + (-32 - -107))?
-23
What is the value of -1 + (1 - -9 - (-9 + (30 - 19))) + 52?
59
Evaluate 218 + -104 + -111 + -8 + 1.
-4
What is 72 + 1 - (-2 + (-16 + 15 + 10 - 7))?
73
What is the value of (283 - 82) + -139 + -2?
60
What is (-67 - (-26 - -5) - 1) + (0 - 19)?
-66
What is 29 + 0 - (14 + -71 + 62)?
24
What is the value of 96 + 20 + -49 - 32?
35
Calculate 1 + (0 - -19) + 0 - (48 + -149 + 94).
27
Evaluate 60 - -66 - (-31 + 129).
28
(0 - 1 - -13 - 16) + (-4 - -6)
-2
136 + -85 + 12 + -5
58
-16 + 6 + (6 - (-7 + -48 + 3))
48
Evaluate -4 + -9 + (2 + 24 - (17 - 26)).
22
(-16 - (-5 - -4)) + (16 - 10) + -16 + 41
16
What is the value of -13 + 16 + (-2 - 0) + (24 - (5 - -7))?
13
Evaluate 0 - (-104 + 106 + -90).
88
(30 - -20 - 74) + 17
-7
What is the value of (-6 - -19 - 0) + -1 + -12 - (22 - -1)?
-23
What is (24 - -22 - 19) + -34 + (0 - 1)?
-8
Calculate (-8 - -5 - 1) + -2 + -27 + (4 - -56).
27
What is (3 - 12) + 39 + (19 - 48)?
1
What is the value of -32 - (-35 + -2 + 12)?
-7
(2 - 104) + (-12 - ((-55 - -64) + -4))
-119
Calculate -1094 + 1180 + -6 +